6*y - 5. Determine d(5).
25
Let k(s) = -s**3 - 16*s**2 - 28*s - 77. What is k(-14)?
-77
Let l(m) = -12*m - 366. Give l(-20).
-126
Let u(d) = 18*d - 380. Determine u(22).
16
Let d(i) = 7*i**3 - 6*i**2 - i + 14. Give d(2).
44
Let i(v) = v**3 + 21*v**2 - 13*v + 253. Give i(-22).
55
Let u(s) = 526*s - 2594. Calculate u(5).
36
Let p(f) = 2*f + 20. Give p(12).
44
Let b(h) = h**3 + 28*h**2 + h - 50. What is b(-28)?
-78
Let c(v) = -v**3 + 11*v**2 - 6*v - 34. Give c(10).
6
Let s(i) = -i**2 - 26*i + 17. Determine s(-23).
86
Let x(r) = -r**3 + 13*r**2 + 29*r - 52. Give x(10).
538
Let n(w) = -95*w + 219. Calculate n(2).
29
Let u(r) = -7*r + 162. Determine u(-5).
197
Let z(p) = 2*p**2 + 62*p + 328. Calculate z(-7).
-8
Let x(r) = -2516*r + 2519. Calculate x(1).
3
Let v(w) = w**3 + 8*w**2 + 67*w + 49. Determine v(-8).
-487
Let w(z) = -z**3 + 23*z**2 - 75*z + 10. Give w(6).
172
Let r(p) = 4*p**3 + 3*p**2 + 114*p + 348. Determine r(-3).
-75
Let d(h) = -h**2 - 14*h - 97. Give d(-6).
-49
Let a(s) = s**3 + 79*s**2 - 134*s + 2266. Give a(-81).
-2
Let f(l) = -l**2 + 417*l + 2466. What is f(-6)?
-72
Let b(h) = h**2 - 242*h + 7737. What is b(38)?
-15
Let u(f) = -470*f - 117981. Calculate u(-251).
-11
Let o(m) = -m**3 + 2*m**2 - 5*m + 22. Give o(5).
-78
Let c(z) = 66*z - 381. Determine c(5).
-51
Let a(c) = 2201*c - 15406. What is a(7)?
1
Let p(l) = -26*l + 109. Give p(4).
5
Let l(g) = 14*g + 241. What is l(-15)?
31
Let j(d) = 2*d**2 - 157*d + 1526. Calculate j(66).
-124
Let k(o) = -38*o**3 + 4*o**2 + 4*o + 3. What is k(-1)?
41
Let v(w) = -3*w**2 + 719*w + 236. Give v(240).
-4
Let x(v) = -849*v + 10184. Give x(12).
-4
Let c(j) = 3*j**2 - 253*j - 989. Give c(88).
-21
Let y(z) = z**3 + 11*z**2 + 8*z + 8. What is y(-7)?
148
Let y(j) = -j**3 - 53*j**2 - 197*j - 48. Determine y(-49).
1
Let l(q) = -275*q - 28878. Give l(-105).
-3
Let u(h) = 235*h + 823. Give u(-4).
-117
Let u(l) = l**2 - 12*l - 51. What is u(-14)?
313
Let r(b) = -b**3 - 11*b**2 + 9*b + 256. Determine r(-8).
-8
Let b(z) = -z**3 - 17*z**2 + 38*z - 441. Give b(-20).
-1
Let l(o) = o**2 + 42*o + 392. What is l(-20)?
-48
Let a(d) = -2*d**2 + 227*d - 1081. Calculate a(5).
4
Let y(d) = 164*d + 11611. Determine y(-71).
-33
Let q(b) = b**3 + 42*b**2 - 85*b + 27. Determine q(-44).
-105
Let q(w) = -75*w - 5. What is q(5)?
-380
Let g(s) = -10*s**2 + 47*s + 73. What is g(-6)?
-569
Let k(u) = u**2 + 137*u + 4685. What is k(-67)?
-5
Let q(u) = -u**3 - 7*u**2 + 19*u + 25. Give q(-9).
16
Let l(b) = 19*b - 1159. What is l(60)?
-19
Let f(q) = 122*q - 4669. What is f(38)?
-33
Let h(p) = -3*p**2 - 33*p - 4. Calculate h(-10).
26
Let d(i) = -i**3 + 360*i**2 - 357*i - 713. Give d(359).
5
Let y(q) = 5*q**3 - 34*q**2 - 16*q + 63. Determine y(7).
0
Let r(c) = c**2 + 13*c - 10265. What is r(95)?
-5
Let r(i) = -i**3 - 2*i**2 + 29*i + 24. Give r(-5).
-46
Let o(r) = -97*r + 1024. Calculate o(11).
-43
Let l(a) = -21*a + 354. Give l(17).
-3
Let o(f) = -f**2 - 530*f + 1594. What is o(3)?
-5
Let b(d) = -98*d - 589. What is b(-8)?
195
Let v(f) = -44*f - 484. Determine v(-15).
176
Let i(y) = -4*y**2 - 30*y + 61. What is i(-9)?
7
Let x(j) = j**3 + 38*j**2 - 163*j + 2237. Give x(-43).
1
Let i(t) = -t**3 + 27*t**2 - 19*t - 118. Give i(26).
64
Let x(i) = i**2 - 296*i - 4369. Calculate x(-14).
-29
Let a(k) = -149*k - 858. What is a(-6)?
36
Let d(n) = -n**2 - 18*n - 132. Calculate d(12).
-492
Let s(w) = -w**3 + 2*w + 11. What is s(0)?
11
Let s(u) = 2*u**2 - 117*u + 1600. Give s(37).
9
Let z(k) = -4*k**2 - 81*k + 253. Determine z(-23).
0
Let j(n) = n**2 - 28*n - 370. What is j(-10)?
10
Let w(o) = 2*o**3 - 181*o**2 + 139*o - 4398. Determine w(90).
12
Let u(b) = b**2 - 109*b + 1495. Calculate u(93).
7
Let o(b) = -2*b - 66. Give o(-22).
-22
Let l(n) = -530*n - 6814. Determine l(-13).
76
Let r(t) = -49*t + 133. What is r(2)?
35
Let f(n) = 31*n**2 + 23*n - 24. Calculate f(2).
146
Let u(y) = 47*y**3 + 1505*y**2 + 31*y - 35. What is u(-32)?
-3
Let j(s) = 196*s**2 - 6*s. Calculate j(1).
190
Let n(q) = -q**3 + 5*q**2 - 3*q + 18. Determine n(0).
18
Let z(o) = -o**2 + 14*o + 25. Give z(16).
-7
Let b(q) = 117*q - 14174. Calculate b(121).
-17
Let b(x) = -1219*x + 2515. Determine b(2).
77
Let j(n) = 3*n**2 - 659*n + 431. What is j(219)?
-7
Let q(g) = 14*g**3 + 3*g**2 + 1285*g + 1281. Calculate q(-1).
-15
Let q(k) = 2*k**2 + 2*k - 1565. Determine q(27).
-53
Let p(y) = 16*y**2 + 804*y + 198. Give p(-50).
-2
Let v(f) = f**3 + 13*f**2 - 11*f + 10. Determine v(-14).
-32
Let f(i) = -i**3 + 38*i**2 + 40*i - 14. Give f(39).
25
Let h(f) = 457*f + 967. Determine h(-2).
53
Let o(v) = 8*v**2 - 476*v + 133. Give o(59).
-103
Let x(b) = -67*b + 3442. Calculate x(51).
25
Let c(v) = -v**3 - 162*v**2 + 153*v - 1599. Calculate c(-163).
31
Let k(r) = 32*r - 1080. What is k(35)?
40
Let s(c) = -49*c + 233. Give s(7).
-110
Let p(d) = -d**2 + 15*d - 3. Calculate p(6).
51
Let u(x) = -x**2 - 29*x + 999. Determine u(-49).
19
Let z(q) = q**3 + 3*q**2 - 130*q - 598. Calculate z(-5).
2
Let c(h) = h**3 - 5*h**2 - 34*h + 6. What is c(9)?
24
Let h(s) = -22*s - 2841. Determine h(-129).
-3
Let s(c) = c**3 - 31*c**2 + 57*c - 20. Calculate s(29).
-49
Let y(o) = 5*o - 18. Calculate y(11).
37
Let y(c) = c**3 - 2*c**2 - 8*c + 25. What is y(3)?
10
Let n(u) = -48*u + 811. Give n(17).
-5
Let m(f) = 188*f - 3719. Determine m(22).
417
Let r(p) = 490*p + 1108. Determine r(-2).
128
Let s(g) = g**2 - 209*g + 10449. Determine s(83).
-9
Let p(b) = -23*b - 1437. Calculate p(-62).
-11
Let q(n) = -333*n + 3736. Determine q(11).
73
Let w(k) = -k**3 + 13*k**2 - 4*k + 31. Calculate w(14).
-221
Let i(n) = -83*n**3 + 13*n**2 + 3*n + 2. What is i(-2)?
712
Let m(u) = 4*u - 49. What is m(-3)?
-61
Let m(p) = p**3 + 20*p**2 + 38*p + 38. What is m(-18)?
2
Let t(k) = -182*k + 708. Determine t(0).
708
Let o(x) = x**2 + 139*x - 165. Determine o(-140).
-25
Let q(c) = 100*c + 9099. What is q(-91)?
-1
Let b(u) = 9*u**2 + 395*u - 481. Give b(-45).
-31
Let w(v) = -2*v**3 + 22*v**2 - 3*v + 49. What is w(11)?
16
Let r(n) = n**3 + 88*n**2 - 267*n + 540. Calculate r(-91).
-6
Let b(h) = 24*h**2 - 34*h + 5. Give b(3).
119
Let x(n) = n**2 + 6*n - 56. Calculate x(-15).
79
Let a(t) = -44*t - 495. Determine a(-12).
33
Let u(a) = -a**3 - 35*a**2 + 316*a + 8960. Calculate u(-37).
6
Let f(z) = z**2 + 20*z - 365. Calculate f(12).
19
Let n(l) = l**3 - 10*l**2 + 89*l - 379. Determine n(6).
11
Let v(t) = 10*t**3 + 46*t**2 - 20*t + 10. What is v(-5)?
10
Let g(v) = 3*v**2 + 130*v + 180. What is g(-42)?
12
Let k(z) = -3*z**2 + 17*z + 303. Calculate k(13).
17
Let n(f) = -255*f + 8673. Calculate n(34).
3
Let r(v) = -3*v**2 - 9*v + 32. Calculate r(6).
-130
Let t(d) = -5010*d - 30. Give t(0).
-30
Let g(d) = 13*d**3 - 14*d - 7. Give g(-2).
-83
Let w(l) = -4*l**2 - 75*l - 39. What is w(-19)?
-58
Let k(u) = -1013*u + 387981. Calculate k(383).
2
Let u(g) = -g**3 - 11*g**2 - 4*g - 18. Calculate u(-11).
26
Let n(r) = -11*r**3 - 230*r**2 + 16*r - 101. Determine n(-21).
4
Let y(d) = -273*d + 1981. Calculate y(7).
70
Let a(w) = -9*w**2 - 33*w - 9. Determine a(-4).
-21
Let v(u) = -38*u - 275. Calculate v(-7).
-9
Let j(p) = -p**3 + 85*p**2 + 1169*p - 486. Give j(97).
-1
Let t(v) = -v**3 - 4*v**2 - 25*v - 64. Give t(-6).
158
Let k(w) = -13*w - 28. Give k(0).
-28
Let u(g) = -3*g**2 - 1119*g - 6593. Calculate u(-6).
13
Let j(x) = 543*x - 59198. Give j(109).
-11
Let j(o) = -o**3 - 256*o**2 + 520*o + 1034. Determine j(-258).
2
Let q(t) = t**2 - 696*t - 7046. What is q(-10)?
14
Let g(r) = 147*r + 17634. Determine g(-120).
-6
Let t(d) = -d**3 - 9*d**2 - 319*d - 1261. Give t(-4).
-65
Let s(w) = 17*w**3 + 25*w**2 - w - 3. Calculate s(-2).
-37
Let t(y) = 4*y**2 - 678*y + 23181. What is t(122)?
1
Let t(f) = -4*f**2 + 119*f - 236. What is t(28)?
-40
Let a(s) = 52*s - 449. Give a(7).
-85
Let n(m) = 51*m**2 + 5*m - 4. Calculate n(1).
52
Let t(j) = 1317*j - 22408. What is t(17)?
-19
Let u(f) = f**2 - 26*f - 30. Give u(-9).
285
Let m(o) = o**3 + 6*o**2 + 152*o + 741. Determine m(-5).
6
Let y(u) = -2*u**2 + 9*u + 2. Determine y(5).
-3
Let k(g) = -5*g - 185. What is k(32)?
-345
Let g(b) = -5684*b - 437672. Give g(-77).
-4
Let k(l) = 56*l**2 - 520*l + 140. Determine k(9).
-4
Let z(j) = -j**3 + 38*j**2 + 40*j + 3. Give z(39).
42
Let q(z) = -10*z + 114. What is q(12)?
-6
Let x(l) = l**3